
What is the units digit of 31336?
6
What is the ten thousands digit of 63139?
6
What is the tens digit of 8773?
7
What is the units digit of 5438?
8
What is the hundreds digit of 18834?
8
What is the tens digit of 425?
2
What is the thousands digit of 8983?
8
What is the thousands digit of 109434?
9
What is the hundreds digit of 17512?
5
What is the tens digit of 14497?
9
What is the units digit of 1771?
1
What is the thousands digit of 1031?
1
What is the thousands digit of 6856?
6
What is the units digit of 39443?
3
What is the tens digit of 10627?
2
What is the units digit of 2866?
6
What is the hundreds digit of 415?
4
What is the thousands digit of 45875?
5
What is the hundreds digit of 66566?
5
What is the hundreds digit of 33114?
1
What is the tens digit of 4437?
3
What is the ten thousands digit of 50830?
5
What is the hundreds digit of 715?
7
What is the ten thousands digit of 67034?
6
What is the tens digit of 847?
4
What is the units digit of 8964?
4
What is the tens digit of 14561?
6
What is the units digit of 578?
8
What is the units digit of 2784?
4
What is the units digit of 243?
3
What is the thousands digit of 5646?
5
What is the hundreds digit of 244?
2
What is the units digit of 21128?
8
What is the tens digit of 490?
9
What is the units digit of 6064?
4
What is the hundreds digit of 1782?
7
What is the thousands digit of 2320?
2
What is the ten thousands digit of 129261?
2
What is the units digit of 5273?
3
What is the tens digit of 1278?
7
What is the thousands digit of 12494?
2
What is the hundreds digit of 7858?
8
What is the hundreds digit of 1250?
2
What is the hundreds digit of 8754?
7
What is the units digit of 4640?
0
What is the units digit of 8299?
9
What is the tens digit of 10539?
3
What is the hundreds digit of 1288?
2
What is the hundreds digit of 9372?
3
What is the hundreds digit of 6849?
8
What is the tens digit of 20?
2
What is the tens digit of 79794?
9
What is the ten thousands digit of 12919?
1
What is the units digit of 273?
3
What is the units digit of 35032?
2
What is the tens digit of 352?
5
What is the tens digit of 611?
1
What is the units digit of 7123?
3
What is the units digit of 3665?
5
What is the tens digit of 1973?
7
What is the thousands digit of 8172?
8
What is the units digit of 1312?
2
What is the thousands digit of 7261?
7
What is the hundreds digit of 5349?
3
What is the hundreds digit of 20532?
5
What is the units digit of 806?
6
What is the tens digit of 1680?
8
What is the thousands digit of 1114?
1
What is the ten thousands digit of 77713?
7
What is the units digit of 1666?
6
What is the ten thousands digit of 13345?
1
What is the tens digit of 1580?
8
What is the tens digit of 1173?
7
What is the tens digit of 16820?
2
What is the tens digit of 43250?
5
What is the tens digit of 941?
4
What is the ten thousands digit of 50621?
5
What is the thousands digit of 13356?
3
What is the hundreds digit of 461?
4
What is the thousands digit of 1229?
1
What is the hundreds digit of 181?
1
What is the tens digit of 42?
4
What is the hundreds digit of 20666?
6
What is the hundreds digit of 100398?
3
What is the thousands digit of 14995?
4
What is the tens digit of 28352?
5
What is the tens digit of 460?
6
What is the tens digit of 9639?
3
What is the tens digit of 3308?
0
What is the thousands digit of 33342?
3
What is the ten thousands digit of 40768?
4
What is the tens digit of 38973?
7
What is the tens digit of 4829?
2
What is the tens digit of 10911?
1
What is the thousands digit of 25868?
5
What is the units digit of 61371?
1
What is the thousands digit of 22051?
2
What is the units digit of 15521?
1
What is the hundreds digit of 2683?
6
What is the units digit of 20866?
6
What is the ten thousands digit of 36860?
3
What is the hundreds digit of 1692?
6
What is the units digit of 2883?
3
What is the tens digit of 6590?
9
What is the units digit of 22295?
5
What is the hundreds digit of 5868?
8
What is the hundreds digit of 11527?
5
What is the units digit of 68390?
0
What is the hundreds digit of 2410?
4
What is the tens digit of 2677?
7
What is the hundreds digit of 4721?
7
What is the hundreds digit of 449?
4
What is the thousands digit of 5273?
5
What is the units digit of 3335?
5
What is the ten thousands digit of 48709?
4
What is the thousands digit of 12946?
2
What is the hundreds digit of 7375?
3
What is the tens digit of 2357?
5
What is the hundreds digit of 1979?
9
What is the thousands digit of 3530?
3
What is the tens digit of 639?
3
What is the thousands digit of 52358?
2
What is the hundreds digit of 7001?
0
What is the units digit of 252?
2
What is the tens digit of 6785?
8
What is the ten thousands digit of 63151?
6
What is the tens digit of 779?
7
What is the ten thousands digit of 45145?
4
What is the units digit of 284?
4
What is the thousands digit of 16416?
6
What is the units digit of 62926?
6
What is the tens digit of 57415?
1
What is the units digit of 434?
4
What is the hundreds digit of 770?
7
What is the thousands digit of 1089?
1
What is the units digit of 1322?
2
What is the hundreds digit of 2040?
0
What is the hundreds digit of 7602?
6
What is the hundreds digit of 19391?
3
What is the thousands digit of 1247?
1
What is the hundreds digit of 1611?
6
What is the tens digit of 2383?
8
What is the thousands digit of 2947?
2
What is the units digit of 32205?
5
What is the hundreds digit of 585?
5
What is the units digit of 360?
0
What is the units digit of 16780?
0
What is the units digit of 9?
9
What is the units digit of 22525?
5
What is the tens digit of 377?
7
What is the ten thousands digit of 44997?
4
What is the hundreds digit of 1593?
5
What is the ten thousands digit of 61324?
6
What is the tens digit of 585?
8
What is the ten thousands digit of 22298?
2
What is the hundreds digit of 45022?
0
What is the ten thousands digit of 44726?
4
What is the units digit of 95?
5
What is the units digit of 3934?
4
What is the units digit of 71633?
3
What is the hundreds digit of 5112?
1
What is the units digit of 64445?
5
What is the units digit of 61931?
1
What is the thousands digit of 2250?
2
What is the thousands digit of 14000?
4
What is the hundreds digit of 553?
5
What is the thousands digit of 17977?
7
What is the hundreds digit of 276?
2
What is the hundreds digit of 11808?
8
What is the hundreds digit of 93629?
6
What is the hundreds digit of 8358?
3
What is the thousands digit of 30796?
0
What is the ten thousands digit of 122497?
2
What is the hundreds digit of 2486?
4
What is the hundreds digit of 1647?
6
What is the ten thousands digit of 73350?
7
What is the tens digit of 3292?
9
What is the hundreds digit of 18880?
8
What is the thousands digit of 3079?
3
What is the hundreds digit of 538?
5
What is the tens digit of 60482?
8
What is the tens digit of 39?
3
What is the ten thousands digit of 48272?
4
What is the thousands digit of 2059?
2
What is the hundreds digit of 858?
8
What is the tens digit of 14138?
3
What is the thousands digit of 10166?
0
What is the tens digit of 7418?
1
What is the hundreds digit of 134313?
3
What is the tens digit of 2859?
5
What is the tens digit of 91?
9
What is the hundreds digit of 229?
2
What is the units digit of 14853?
3
What is the ten thousands digit of 18082?
1
What is the thousands digit of 5872?
5
What is the ten thousands digit of 10427?
1
What is the thousands digit of 2395?
2
What is the hundreds digit of 1467?
4
What is the units digit of 24186?
6
What is the thousands digit of 2701?
2
What is the ten thousands digit of 28207?
2
What is the thousands digit of 28275?
8
What is the hundreds digit of 3039?
0
What is the tens digit of 1187?
8
What is the units digit of 8092?
2
What is the hundreds digit of 414?
4
What is the hundreds digit of 31723?
7
What is the units digit of 2934?
4
What is the thousands digit of 2000?
2
What is the units digit of 3016?
6
What is the tens digit of 5896?
9
What is the units digit of 6604?
4
What is the hundreds digit of 87730?
7
What is the units digit of 743?
3
What is the tens digit of 1099?
9
What is the thousands digit of 1751?
1
What is the thousands digit of 3368?
3
What is the hundreds digit of 193014?
0
What is the hundreds digit of 2377?
3
What is the thous